of o?
6
Let o = -37 - -44. Suppose -o*s + 9357 = 2728. What is the units digit of s?
7
Let s = -18761 + 56954. What is the hundreds digit of s?
1
Suppose -88959 = -3*p - 567*q + 570*q, -3*p = -4*q - 88954. What is the thousands digit of p?
9
Let c(w) = 11*w**2 - 8*w - 26. Let f be c(-6). Let o = f - 154. What is the units digit of o?
4
Let r be 8/14 - (-312)/(-7). Let o = 51 + r. Suppose -o*n = -9*n + 188. What is the tens digit of n?
9
Suppose -i = -2*s - 392, 2*i + 578 = -3*s + 6*i. Let a = -71 - s. Let v = a + -8. What is the units digit of v?
9
Suppose 3*h = h - 18. Let y be (1 - 31)*(-2)/3. Let x = h + y. What is the units digit of x?
1
Let v = 1820 - -2918. What is the units digit of v?
8
Suppose 2*x - 196 = -186. Let n = 22 - -1. Suppose -3*b + 15 = 0, 2*k - 424 + n = -x*b. What is the hundreds digit of k?
1
Let n = 28858 + -14199. What is the tens digit of n?
5
Let f(c) = 16*c - 2*c**3 + 104*c**2 - 229*c**2 + 115*c**2 + 9. What is the units digit of f(-9)?
3
Let l be (9 - (-66)/(-14)) + (-2)/7. Suppose 3*z + 957 = 5*n, l*n + 5*z = 6*z + 767. What is the tens digit of n?
9
What is the units digit of (-4)/((270/9819)/(-15))?
2
Suppose -4*s - 7 = 3*s. Let o be (s - -2)*153/3. Let y = 128 - o. What is the units digit of y?
7
Suppose -15*x + 17705 = -10*x - 5*d, 2*d + 3542 = x. What is the tens digit of x?
4
Suppose -a + 12 = 4*n, 5*n - 6 = 2*a - a. Suppose 8 = -a*v, -x - 4*x - 5*v + 870 = 0. What is the units digit of x?
6
Let y(q) = -13*q**3 + 2*q**2 + 3*q + 1. Let u be 2/6 - 10817/87. Let p = 122 + u. What is the hundreds digit of y(p)?
1
Let s(q) = -3*q**3 - 7*q + 24*q**2 - 35*q**2 + 2*q**3 - 12. Let y be s(-11). Let m = -32 + y. What is the units digit of m?
3
Let q = 4320 + -2720. Suppose 10*s + q = 13*s - 2*m, -3*s - 4*m + 1588 = 0. What is the units digit of s?
2
Let m(x) = -x**3 - 2*x**2 + 7*x + 1. Suppose -17 = 9*h + 19. Let p be m(h). What is the units digit of 99/2*p/((-25)/(-10))?
9
Suppose 659*u = -p + 661*u + 5879, -5*p + 29472 = u. What is the tens digit of p?
9
Suppose 20 = 2*x + 4*b, 0*x - x + 2*b = 2. Suppose -x*k - 4*k = 0. Suppose k = 6*v - 38 - 28. What is the tens digit of v?
1
Let k(h) = h**2 + 2. Let b(a) = a**2 - 31*a + 26. Let g(x) = -b(x) + 3*k(x). What is the tens digit of g(-26)?
2
Let u = -37181 + 63767. What is the units digit of u?
6
Let i = -69 - -71. Suppose -2*q = 3*c - 7, 0 = -2*q + i + 8. What is the tens digit of (-9)/(36/(-184)) + c?
4
Let z = -21334 + 38713. What is the hundreds digit of z?
3
Suppose 19 = 5*z - 1. Suppose 0*j - z*g = -2*j - 128, 0 = 3*j - 3*g + 183. What is the units digit of (-16)/(-2*(-2)/j)?
2
Let l(k) be the third derivative of -275*k**4/8 + 17*k**3/6 + 116*k**2. What is the tens digit of l(-1)?
4
Let s = -317 - -1019. Let l = s + -427. What is the tens digit of l?
7
Suppose -662 - 108 = -5*c. Let z = 609 - c. Suppose z = 3*l - 112. What is the units digit of l?
9
Let q = 2332 - 1229. What is the tens digit of q?
0
Suppose -6*n + 83 = -5*n + b, -314 = -4*n + 5*b. Suppose n*v - 2160 = 69*v. What is the units digit of v?
0
Let p(w) = 2*w**2 + 2. Let b(u) = -28*u**2 - 4*u - 1. Let v(m) = -b(m) - 2*p(m). Suppose 0 = 2*o - 2 - 2. What is the tens digit of v(o)?
0
Suppose 256615 - 37728 = 27*f - 58430. What is the units digit of f?
1
Let y be (-2)/(-3) - 1 - 245/(-105). Let h be -1 + (0/1)/3. What is the tens digit of (y - (-91 + -4)) + h?
9
What is the tens digit of 9/((-198)/35497)*-2?
2
Let a(z) = 7*z**2 - 41*z - 315. What is the thousands digit of a(30)?
4
Let q = 10900 + -4079. What is the hundreds digit of q?
8
Let u(v) = -3*v - 92. Let j be u(-32). Suppose 1334 = j*x + 5*p + 399, -p - 245 = -x. What is the units digit of x?
0
Let a(v) = 6*v**2 - v + 26. Let i be a(14). Let x = i + -609. What is the tens digit of x?
7
What is the units digit of ((-1)/13 + 4066/1482)*3831/2?
8
Let g = -259 + 264. Suppose 403 + 157 = g*u. What is the tens digit of u?
1
Suppose u = -4*m + 4590, 58*u - 53*u - 22971 = m. What is the thousands digit of u?
4
Let o(n) = 2*n**3 + 13*n**2 - 27*n - 50. Let k(d) = d**3 + 6*d**2 - 14*d - 24. Let b(a) = -5*k(a) + 2*o(a). What is the units digit of b(-8)?
8
Let b be 18/6*(2 + (-10)/3). Let q(l) = -4*l + 2. Let k(j) = -j + 1. Let g(m) = b*k(m) - q(m). What is the tens digit of g(7)?
5
Let t = -90 + 106. Suppose -4*q = -t*q + 4428. What is the tens digit of q?
6
Let g = -50 - 215. Let s = g + 400. What is the hundreds digit of s?
1
Suppose 4*y = 3*h + 92910, -80*y - 4*h = -83*y + 69693. What is the units digit of y?
3
Let y be (-6)/30 + (-5330)/(-25). Let r = 237 - y. What is the tens digit of r?
2
Suppose 3*k = -5*y + 327, -273 = -4*k - 3*y + 152. Let i = k - 155. Let g = 180 + i. What is the hundreds digit of g?
1
Suppose 0 = -0*x + 5*x + 2*w - 5550, 0 = -w. Suppose -318 = 3*v - x. Suppose -z = 10*z - v. What is the units digit of z?
4
Suppose -161 = -23*y + 16*y. Suppose -y*l = 5*l - 27804. What is the units digit of l?
3
Let o be (-3)/(-2) + 6/12. Let f be ((-3)/o)/((-15)/70). Suppose 5*y + f = 17. What is the units digit of y?
2
Let d(c) = 5*c + 33. Let p be d(-7). Suppose -5*v + 14 - 4 = 0. What is the tens digit of -2 + 14*v + 2/p?
2
Suppose 15 = 5*h + 4*w, 3*h - 38 = -5*w - 16. What is the hundreds digit of (-31)/(h - (-93)/96)?
9
Let h be 165/(-30) + (-9)/(-6) + -1. Let b = 9 + -8. What is the units digit of (b + 71 - h) + -2?
5
Let n = 17930 - -2312. What is the units digit of n?
2
Let f(q) = q**2 + 23*q - 64. Let n be ((-150)/(3 + -9))/(6 + -5). What is the thousands digit of f(n)?
1
Let l(b) = b**3 + 6*b**2 + 5*b - 10. Let p be l(-4). Let k(z) = 505*z**2 + 3*z - 10. What is the hundreds digit of k(p)?
0
Suppose -5*f = 5*t + 215, 0 = 3*f - 0*f - 4*t + 122. Let g = 119 - f. Suppose 0 = -4*x + g + 219. What is the units digit of x?
5
Let r(j) = 27*j - 140. Suppose -12*t - 6 + 174 = 0. What is the units digit of r(t)?
8
Let o = -73322 + 121996. What is the units digit of o?
4
Let m(g) = 17*g**3 + g**2 - 2*g + 8. Let b be m(-8). What is the hundreds digit of b/8*3/(-9)?
3
Let s(b) be the second derivative of 84*b**5/5 + b**4/12 + b**3/6 + 115*b. What is the tens digit of s(1)?
3
Suppose -171 = -5*p + 974. Suppose 189*o + 1270 = 179*o. Let i = o + p. What is the hundreds digit of i?
1
Let i(d) = d**3 - 15*d**2 + 17*d - 43. Let r be i(14). Let c be (-2)/((-4)/(-9))*-2. Let g = c - r. What is the units digit of g?
0
Let g = 1705 + 2624. What is the units digit of g?
9
Let h(j) = 85*j + 4. Let t(d) = -d - 1. Let s(x) = h(x) + 6*t(x). Let u be (-6)/(-3) - (-80 - -79). What is the units digit of s(u)?
5
Suppose -133*q + 1540929 = -1433749. What is the tens digit of q?
6
Let n(a) = 5*a + 2. Let t be n(-1). Let y be t/(-18 - -3) - (-398)/10. Let u = 7 + y. What is the units digit of u?
7
What is the thousands digit of (-234)/24*340628/(-201)?
6
What is the hundreds digit of 14*(24/16*-277)/(-3)?
9
Suppose 1015*u = 498*u + 507*u + 39410. What is the tens digit of u?
4
Let m(f) = 16*f**2 - 19*f - 177. What is the hundreds digit of m(20)?
8
What is the units digit of ((-2698)/(-5))/(138/1380)?
6
Let h(r) = r**3 - 4*r**2 - 7*r + 17. Let q be h(4). What is the tens digit of ((-52)/4)/(q/297)?
5
Let v = -90 + 31. Let i = -61 - v. What is the tens digit of i/(-10) + (-1377)/(-15)?
9
Let l be 4680/75 + -1*(-2)/(-5). Suppose 14*s - 6 = -l. What is the hundreds digit of (-3 - -3) + (-548)/s?
1
Let p = -590 - -849. Suppose p = 11*z - 4*z. What is the tens digit of z?
3
Let p(o) = -51*o**2 - 3*o + 3. Let d(b) = 26*b**2 + b - 2. Let v(i) = -5*d(i) - 2*p(i). Let r be v(4). Let a = 639 + r. What is the tens digit of a?
9
Suppose 0 = -d - z + 142, -d - d - 5*z + 293 = 0. Let b = -226 + 192. What is the tens digit of d*(b/(-85))/((-4)/(-10))?
3
Let c = -766 - -1369. Let u = 318 + c. What is the hundreds digit of u?
9
Suppose 6*o - 14560 = -14*o. What is the units digit of (-9 + o/(-21))/(2/(-36))?
6
Let c(a) be the first derivative of -a**4/4 + 2*a**3/3 + 6*a**2 - 5*a + 47. Let d be c(4). Suppose 16*k - d*k - 1160 = 0. What is the units digit of k?
2
Let h(w) = 24*w - 1. Let c(p) = -p**2 + p + 1. Let y(j) = 3*c(j) + h(j). Suppose 13*s - 20*s = -12*s + 45. What is the units digit of y(s)?
2
Suppose -7*i + 35*i + 38231 - 262763 = 0. What is the tens digit of i?
1
Suppose -7*j -